{"id":29,"date":"2015-10-20T10:23:16","date_gmt":"2015-10-20T10:23:16","guid":{"rendered":"http:\/\/www.midsummeropera.org.uk\/site\/?page_id=29"},"modified":"2021-01-25T16:08:25","modified_gmt":"2021-01-25T16:08:25","slug":"music","status":"publish","type":"page","link":"http:\/\/www.midsummeropera.org.uk\/site\/music\/","title":{"rendered":"CD SALES"},"content":{"rendered":"\n<p>Most of our opera productions are recorded<\/p>\n\n\n\n<h2 class=\"wp-block-heading\"><strong>CDs, recorded LIVE, available for sale:<\/strong><\/h2>\n\n\n\n<p><strong>in LIVE CONCERT PERFORMANCE:<\/strong><\/p>\n\n\n\n<p><strong>Mozart<\/strong><em> \u00a0Idomeneo<\/em>\u00a0(3 CD, \u00a318)<br><strong>Mozart<\/strong> \u00a0<em>La clemenza di Tito<\/em>\u00a0(2 CD, \u00a312)<br><strong>Mozart<\/strong> \u00a0<em>Don Giovanni\u00a0<\/em>(3 CD, \u00a318)<\/p>\n\n\n\n<p><strong>Beethoven<\/strong> \u00a0<em>Fidelio<\/em>\u00a0(2 CD, \u00a312)<\/p>\n\n\n\n<p><strong>Wagner<\/strong> \u00a0<em>Die Walk\u00fcre<\/em>\u00a0(complete) (4 CD, \u00a318) <br><strong>Wagner<\/strong> \u00a0<em>G\u00f6tterd\u00e4mmerung, Act III, scenes 2 and 3 and Ride of the Valkyries from Die Walk\u00fcre<\/em>\u00a0(1 CD, \u00a36)<\/p>\n\n\n\n<p><strong>Humperdinck<\/strong> \u00a0<em>H\u00e4nsel und Gretel<\/em> (2 CD, \u00a312)<\/p>\n\n\n\n<p><strong>Massenet<\/strong> \u00a0<em>Werther<\/em>\u00a0(2 CD, \u00a312)<\/p>\n\n\n\n<p><strong>Donizetti<\/strong> \u00a0<em>Lucia di Lammermoor<\/em>\u00a0(3 CD, \u00a318)<\/p>\n\n\n\n<p><strong>Verdi<\/strong> \u00a0<em>Don Carlo<\/em>\u00a0(3 CD, \u00a318)<br><strong>Verdi<\/strong><em> \u00a0Un ballo in maschera<\/em>\u00a0(2 CD, \u00a312)<br><strong>Verdi \u00a0<\/strong><em>Luisa Miller\u00a0<\/em>(2 CD, \u00a312)<strong><br>Verdi<\/strong> \u00a0<em>Macbeth<\/em> (2 CD, \u00a312)<\/p>\n\n\n\n<p><strong>Ponchielli \u00a0<\/strong><em>La Gioconda<\/em>\u00a0(3 CD, \u00a318)\u00a0<\/p>\n\n\n\n<p><strong>Giordano<\/strong>\u00a0<em> Andrea Ch\u00e9nier<\/em> (2 CD, \u00a312)<\/p>\n\n\n\n<p><strong>Puccini\u00a0<\/strong><em> Il tabarro<\/em>\u00a0(1 CD, \u00a36)<br><strong>Puccini<\/strong>\u00a0<em> La fanciulla del West<\/em>\u00a0(2 CD, \u00a312)<br><strong>Puccini<\/strong>\u00a0<em> Tosca\u00a0<\/em>(2 CD, \u00a312)\u00a0<\/p>\n\n\n\n<p><strong>Poulenc\/Messiaen\/Hakim<\/strong>&nbsp; <em>Gloria\/Po\u00e8mes pour Mi\/Missa Resurrectionis\/Shasta&nbsp;<\/em>                                              featuring David Roblou  Conductor\/Piano\/Harpsichord (1 CD, \u00a36)<\/p>\n\n\n\n<p><strong>STUDIO RECORDINGS:<\/strong><\/p>\n\n\n\n<p><strong><em>The Gypsy in the Wood<\/em><\/strong><br>Song Cycles by <strong>Jan\u00e1\u010dek<\/strong> (<em>Diary of one who disappeared<\/em>) and <strong>Dvo\u0159\u00e1k <\/strong>(Gypsy Songs), sung in Czech (1 CD, \u00a36)<br>John Upperton, Lynne McAdam<br>Joan Taylor (Piano)<br>with Linda Sherratt, Jane Harding and Si\u00e2n Woodling<\/p>\n\n\n\n<p><strong>Veronika Vox<\/strong>&nbsp;(music by V\u00e9ronique Souberbielle) featuring David Roblou and John Upperton (1 CD, \u00a310)<\/p>\n\n\n\n<p><strong>For purchases over \u00a320, 5% off;  over \u00a325, 10% off;  over \u00a330, 15% off.<\/strong><\/p>\n\n\n\n<p>Prices exclusive of P&amp;P.  Available from:  <a href=\"mailto:info@midsummeropera.org.uk\">info@midsummeropera.org.uk<\/a>  <strong>020 7652 0070<\/strong><\/p>\n\n\n\n<p><\/p>\n\n\n\n<p>An extensive range of <strong>second-hand scores<\/strong> of opera, oratorio, songs, vocal and orchestral music is available to purchase.<br>Contact <strong>Eva Hornstein<\/strong> on <strong>07903 042530<\/strong><\/p>\n","protected":false},"excerpt":{"rendered":"<p>Most of our opera productions are recorded CDs, recorded LIVE, available for sale: in LIVE CONCERT PERFORMANCE: Mozart \u00a0Idomeneo\u00a0(3 CD, \u00a318)Mozart \u00a0La clemenza di Tito\u00a0(2 CD, \u00a312)Mozart \u00a0Don Giovanni\u00a0(3 CD, \u00a318) Beethoven \u00a0Fidelio\u00a0(2 CD, \u00a312) Wagner \u00a0Die Walk\u00fcre\u00a0(complete) (4 CD, \u00a318) Wagner \u00a0G\u00f6tterd\u00e4mmerung, Act III, scenes 2 and 3 and Ride of the Valkyries from &#8230; <a title=\"CD SALES\" class=\"read-more\" href=\"http:\/\/www.midsummeropera.org.uk\/site\/music\/\" aria-label=\"More on CD SALES\">Read more<\/a><\/p>\n","protected":false},"author":1,"featured_media":0,"parent":0,"menu_order":0,"comment_status":"closed","ping_status":"closed","template":"","meta":{"generate_page_header":"","footnotes":""},"class_list":["post-29","page","type-page","status-publish"],"_links":{"self":[{"href":"http:\/\/www.midsummeropera.org.uk\/site\/wp-json\/wp\/v2\/pages\/29","targetHints":{"allow":["GET"]}}],"collection":[{"href":"http:\/\/www.midsummeropera.org.uk\/site\/wp-json\/wp\/v2\/pages"}],"about":[{"href":"http:\/\/www.midsummeropera.org.uk\/site\/wp-json\/wp\/v2\/types\/page"}],"author":[{"embeddable":true,"href":"http:\/\/www.midsummeropera.org.uk\/site\/wp-json\/wp\/v2\/users\/1"}],"replies":[{"embeddable":true,"href":"http:\/\/www.midsummeropera.org.uk\/site\/wp-json\/wp\/v2\/comments?post=29"}],"version-history":[{"count":17,"href":"http:\/\/www.midsummeropera.org.uk\/site\/wp-json\/wp\/v2\/pages\/29\/revisions"}],"predecessor-version":[{"id":444,"href":"http:\/\/www.midsummeropera.org.uk\/site\/wp-json\/wp\/v2\/pages\/29\/revisions\/444"}],"wp:attachment":[{"href":"http:\/\/www.midsummeropera.org.uk\/site\/wp-json\/wp\/v2\/media?parent=29"}],"curies":[{"name":"wp","href":"https:\/\/api.w.org\/{rel}","templated":true}]}}